mmon factor of 112 and j.
14
Let q be 6*2/(-8)*-42. Suppose -5 = -3*f - i, i = 3*f - 5*f + 3. Let a be (q - f) + 2/1. What is the highest common factor of a and 9?
9
Let v(p) = -6 - 5*p**2 + 8*p + 0 + 3*p**2 + p**2. Let h = 3 - -2. Let q be v(h). What is the highest common divisor of q and 9?
9
Suppose 32*m - 1979 - 581 = 0. Suppose -4*c + 100 - 20 = 0. What is the highest common divisor of m and c?
20
Let b be 2 + (-4 - (3 - 34)). Calculate the greatest common divisor of b and 29.
29
Let d(r) = -3*r - 1 + r - r + r**2. Let c be d(4). Suppose c*o = 11 + 7. Calculate the greatest common factor of o and 42.
6
Let v(b) = b**3 + 9*b**2 + 7*b - 1. Let j be v(-5). Calculate the greatest common divisor of 96 and j.
32
Let m be -57*8/(-30) - (-4)/5. What is the highest common factor of m and 32?
16
Let d be (-3)/(57/(-15) - -4). Let t be d/2*(1 + -3). Calculate the greatest common divisor of t and 90.
15
Let m be 3/(-9)*(-2 + 5). Let d(s) = 9*s**2 - s - 1. Let c be d(m). Suppose -c = 5*q - 49. What is the highest common factor of q and 1?
1
Let p(o) = -o**2 + 2*o + 7. Let s be p(0). Suppose 12*t = s*t + 10. What is the greatest common factor of t and 14?
2
Let v(i) = 0 - 1 + 5*i - 9*i. Let p be v(-3). Suppose 4*b - p = 17. Calculate the greatest common divisor of 7 and b.
7
Suppose 9*l - 117 = -0*l. Calculate the highest common divisor of l and 13.
13
Suppose 15 - 5 = m. What is the greatest common factor of 30 and m?
10
Suppose -5*m + 22 = 4*f, -4 + 0 = m - 2*f. Suppose -m*t - 2*j = -50, 0*t - 13 = -t + 5*j. Calculate the greatest common factor of t and 46.
23
Let b(o) = -o**2 + 17*o - 4. Let u be b(14). Calculate the greatest common divisor of u and 38.
38
Let m = -31 + 56. Calculate the highest common divisor of 25 and m.
25
Suppose 2*y = -2*j - 8, 0 - 9 = 3*y. Let d = -1 + j. Let s be (-4)/((-8)/10) - d. What is the greatest common divisor of s and 21?
7
Let f = 30 - -141. What is the highest common factor of f and 19?
19
Let t be 8 + (-6)/((-2)/(-1)). Calculate the greatest common divisor of 55 and t.
5
Suppose -4*n + 395 = -3*g + 4*g, 4*g = 2*n - 184. Suppose 0*v - 7*v + n = 0. Let b = 101 - 59. Calculate the highest common factor of v and b.
14
Suppose 0 = 2*t + 6. Let a be -6*((-18)/4 - t). Suppose k - 12 = 4*k + 5*o, -o = 3. What is the greatest common divisor of k and a?
1
Let k be (19/(-4) - -5)/((-1)/(-4)). What is the highest common factor of k and 4?
1
Suppose 2*s = -3*s. Let a be (3 - 7)/(-2) + s. What is the highest common divisor of a and 14?
2
Suppose -5*c = 4*s - 22, 0 = 4*s - 2*s - 5*c - 26. What is the highest common divisor of s and 16?
8
Let f be 3*1 + -13 + 122. Calculate the highest common divisor of f and 16.
16
Suppose 3*o = 4*v - 10, 2*o = -v + 4*o. Calculate the highest common divisor of 4 and v.
4
Let x = -1 - -3. Suppose -6*z + 4*z = -36. What is the greatest common factor of x and z?
2
Suppose -5*p = -877 - 283. Suppose -3*g + 72 = -2*g + 5*t, 3*g - p = t. Calculate the highest common factor of g and 11.
11
Let c be (-3 + -1)/((-4)/118). Suppose 0 = -3*n + c + 14. What is the greatest common factor of n and 4?
4
Let g(q) = 2*q**2 - 23*q + 24. Let z be g(11). Calculate the greatest common divisor of 169 and z.
13
Let n(a) = -a**3 - 13*a**2 + 14*a + 24. Let b be n(-14). Calculate the highest common factor of 24 and b.
24
Let s(f) = -2*f**2 + 26*f - 10. Let w be s(12). What is the highest common divisor of w and 7?
7
Let u(h) = 5*h + 3. Let q(i) = i. Let s(c) = -3*q(c) + u(c). Let o be s(7). What is the greatest common factor of o and 17?
17
Suppose -5*o - 4*j - 1 = 0, -21 = -3*o - 0*o + 3*j. Let p be (-2)/o - 312/(-9). Calculate the highest common divisor of p and 17.
17
Suppose 6*j = j + 200. Let f = j - 26. What is the highest common factor of f and 28?
14
Suppose 0*g - 36 = -2*g. Let h = g - 10. What is the greatest common factor of 1 and h?
1
Let s = -24 - 5. Let v = 7 - s. Calculate the greatest common factor of 4 and v.
4
Let y(g) be the second derivative of -g**3/6 - 2*g. Let v be y(-8). Suppose 0 = 4*w - a - 60, 5 = 2*w - 5*a - 7. What is the greatest common divisor of w and v?
8
Let m(u) = 6*u**2 - 2*u - 4. Let p(w) = -w**3 - w**2 + 1. Let j(d) = m(d) + p(d). Let y be j(4). Calculate the greatest common divisor of 25 and y.
5
Suppose -22 = 2*b - 4*b. What is the highest common factor of b and 11?
11
Let f(x) = x**3 + 5*x**2 + 4*x - 3. Let l be f(-2). Calculate the greatest common factor of l and 8.
1
Suppose 5*w - w = 32. Let n = -50 - -138. What is the highest common factor of n and w?
8
Let l(u) = -3*u. Let k be l(-1). Suppose 2*a - 9 = k. Calculate the highest common divisor of a and 42.
6
Suppose 8*z + 68 = 12*z. What is the highest common factor of z and 136?
17
Suppose -24 - 16 = -5*g. Suppose 64 = -2*x + 240. What is the highest common divisor of x and g?
8
Let m(j) = -j**3 - 7*j**2 - 8*j - 6. Let q be m(-6). What is the greatest common divisor of q and 3?
3
Suppose 504 = -3*s + 5*s. Let d = s - 180. What is the highest common divisor of d and 8?
8
Let a be ((-36)/(-8))/((-2)/(-16)). Let x = 20 + 4. Calculate the greatest common divisor of x and a.
12
Suppose -i + j + 77 = -19, 0 = -4*i + 3*j + 387. Let v be 2/10 - i/(-5). What is the greatest common factor of 160 and v?
20
Let q(v) = v - 4. Let s be -2 + (-3)/((-9)/30). Let m be q(s). What is the highest common factor of 4 and m?
4
Let b = -316 - -792. Let x be (2/4)/(2/b). Let n(g) = g**2 + 17. Let p be n(0). What is the greatest common divisor of x and p?
17
Let m(l) = l - 5. Let z be m(4). Let n be (8/(-4))/(z/(-4)). Let k = n + 20. What is the highest common factor of 36 and k?
12
Let h(v) = -v**2 - 7*v + 5. Let g be h(-5). Suppose -5*l - g = -0*l. Let y be (-2 + 1)*4*l. What is the greatest common factor of 108 and y?
12
Suppose 0 = -5*y + 5*i - 4*i + 13, 8 = 2*y + i. Suppose s = 3*x + 12 + 5, 3*s - 63 = -y*x. Calculate the highest common factor of 4 and s.
4
Suppose 8 = 2*q + 4. Suppose -q = -3*f + 2*f. Let p(r) = r**2 - r - 2. Let u be p(-2). What is the greatest common factor of u and f?
2
Let h(d) = d**2 - 6*d + 8. Let a(j) = -j - 2. Let b be a(-10). Let r be h(b). What is the highest common factor of r and 96?
24
Suppose -14 - 6 = -4*k. What is the greatest common factor of k and 15?
5
Suppose 7*y + 12 = 5*y. Let j be ((-20)/y)/((-8)/(-36)). What is the greatest common divisor of j and 120?
15
Let p(h) = 9*h - 9. Let g be p(7). Let o(s) = -s. Let m be o(-1). Let j be (3 - m) + -3 - -10. What is the greatest common factor of g and j?
9
Let h(a) = a + 2. Let v(q) = -3. Let b(c) = -3*h(c) - 4*v(c). Let x be b(-5). Let k be 10/6*(-1 - -64). What is the greatest common factor of x and k?
21
Let h = 67 - 53. What is the greatest common factor of 4 and h?
2
Let q be 360/(-16)*(-6)/5. What is the highest common divisor of q and 108?
27
Suppose p - 100 = 4. What is the highest common divisor of p and 26?
26
Suppose 0 = -5*g - 2*d + 8, g + 8*d + 3 = 3*d. What is the highest common divisor of 1 and g?
1
Suppose -4*g - 2 = 2*a, -g + 2*g - 4*a - 22 = 0. What is the greatest common factor of 4 and g?
2
Suppose -23 = f - 3*r, 7*f + 3*r = 2*f - 61. Let x be (-4)/f + 1172/14. Suppose 2*g + 0*g = 24. What is the greatest common divisor of g and x?
12
Suppose -4*t + 0*n + 26 = -3*n, t = n + 7. Calculate the greatest common divisor of 15 and t.
5
Suppose 5*z = -w + 7 + 5, -3*z - 3*w = 0. Let b(r) = -r**2 + 7*r - 5. Let u = -15 + 21. Let a be b(u). Calculate the highest common divisor of a and z.
1
Suppose 4*y = 3*o + 172, 0*y + 4*o + 176 = 4*y. Calculate the greatest common divisor of y and 440.
40
Suppose 3*k = -k. Suppose t - 4*t - 15 = k, -v + 2*t + 18 = 0. Suppose -4*b - v + 56 = 0. Calculate the greatest common factor of b and 24.
12
Suppose -p - s = -0*s - 486, -2422 = -5*p + 3*s. Let d be (-2)/6 - p/(-15). Calculate the highest common divisor of 16 and d.
16
Let a be 0 - (-26 + -3 + 2). Suppose -m = -5*v - a, -v = 4*m + 2*v + 7. Suppose m*p - 5 + 1 = 0. What is the highest common divisor of 16 and p?
2
Let l be 1*(1 - -63)/4. Calculate the highest common factor of l and 4.
4
Let b(q) = q**2 + 17*q + 2. Let h be b(-17). Suppose 0 = -h*t + 4*n - n + 474, 0 = -3*n - 12. Calculate the highest common divisor of 21 and t.
21
Let m be 12*(-2)/(-9)*3. Suppose 3